{"id":543,"date":"2018-11-04T11:56:10","date_gmt":"2018-11-04T09:56:10","guid":{"rendered":"http:\/\/www.cf-coding.de\/?page_id=543"},"modified":"2023-07-25T20:04:14","modified_gmt":"2023-07-25T18:04:14","slug":"a5-8t-8f","status":"publish","type":"page","link":"https:\/\/www.cf-coding.de\/index.php\/fahrzeugauswahl\/audi\/a5-8t-8f\/","title":{"rendered":"A5 (8T\/8F)"},"content":{"rendered":"\t\t<div data-elementor-type=\"wp-post\" data-elementor-id=\"543\" class=\"elementor elementor-543\">\n\t\t\t\t\t\t<section class=\"elementor-section elementor-top-section elementor-element elementor-element-157de20 elementor-section-boxed elementor-section-height-default elementor-section-height-default\" data-id=\"157de20\" data-element_type=\"section\">\n\t\t\t\t\t\t<div class=\"elementor-container elementor-column-gap-default\">\n\t\t\t\t\t<div class=\"elementor-column elementor-col-100 elementor-top-column elementor-element elementor-element-35e5f0d\" data-id=\"35e5f0d\" data-element_type=\"column\">\n\t\t\t<div class=\"elementor-widget-wrap elementor-element-populated\">\n\t\t\t\t\t\t<div class=\"elementor-element elementor-element-24daa40 elementor-widget elementor-widget-text-editor\" data-id=\"24daa40\" data-element_type=\"widget\" data-widget_type=\"text-editor.default\">\n\t\t\t\t<div class=\"elementor-widget-container\">\n\t\t\t\t\t\t\t\t\tBeim Audi A5 (8T\/8F) gibt es u.a. folgende Codierm\u00f6glichkeiten:\n<ul>\n \t<li>Abbiegelicht \u00fcber Nebelscheinwerfer<\/li>\n \t<li>Abschaltgeschwindigkeit der R\u00fcckfahrkamera anpassen<\/li>\n \t<li>ACC-Distanzeinstellung \u00fcber das MMI<\/li>\n \t<li>Anh\u00e4ngerkupplung codieren (nach Nachr\u00fcstung)<\/li>\n \t<li>Anpassen der Anzeigedauer der Klimaanlage im MMI<\/li>\n \t<li>Anpassen\/Korrektur der Verbrauchsanzeige<\/li>\n \t<li>Autobahnlicht aktivieren<\/li>\n \t<li>Automatisch l\u00f6sen der Parkbremse ohne angelegten Sicherheitsgurt<\/li>\n \t<li>Automatische Motorabschaltung bei \u00d6ffnung der Fahrert\u00fcre deaktivieren<\/li>\n \t<li>Automatisches Regenlicht aktivieren\/deaktivieren<\/li>\n \t<li>AUX-IN freischalten<\/li>\n \t<li>Batteriezustand im MMI anzeigen<\/li>\n \t<li>Beifahrerspiegelabsenkung beim R\u00fcckw\u00e4rtsfahren<\/li>\n \t<li>Bluetooth aktivieren (nur MMI 3G)<\/li>\n \t<li>Bootlogo im MMI \u00e4ndern<\/li>\n \t<li>Coming-\/Leaving-Home \u00fcber Abblendlicht<\/li>\n \t<li>Coming-\/Leaving-Home \u00fcber Nebelscheinwerfer<\/li>\n \t<li>Coming-\/Leaving-Home \u00fcber Seitenmarkierungs-\/Umrissleuchten<\/li>\n \t<li>Drive Select freischalten<\/li>\n \t<li>DVD-\/Videofreischaltung w\u00e4hrend der Fahrt (VIM)<\/li>\n \t<li>Elektrische Heckklappe mit Innenraumtaster und Funkfernbedienung schlie\u00dfen lassen<\/li>\n \t<li>Fernlichtassistent anpassen (Aktivierungs-\/Deaktivierungsgeschwindigkeit)<\/li>\n \t<li>Freisprecheinrichtung codieren (nach Nachr\u00fcstung)<\/li>\n \t<li>Geschwindigkeitsregelanlage codieren (nach Nachr\u00fcstung)<\/li>\n \t<li>Gurtwarnung deaktivieren<\/li>\n \t<li>Hidden\/Green-Men\u00fc aktivieren<\/li>\n \t<li>Laptimer\/Rundenz\u00e4hler aktivieren<\/li>\n \t<li>Memoryfunktion bei elektrischer Sitzverstellung freischalten<\/li>\n \t<li>Motorvorw\u00e4rmung aktivieren (bei vorhandener Standheizung)<\/li>\n \t<li>Notbremsblinken<\/li>\n \t<li>\u00d6ltemperaturanzeige im Kombiinstrument aktivieren<\/li>\n \t<li>Optische Darstellung der Einparkhilfe aktivieren<\/li>\n \t<li>Quittierungston\/Hornquittierung beim Verriegeln\/Entriegeln des Fahrzeugs (nur mit DWA)<\/li>\n \t<li>R\u00fcckfahrkamera codieren (nach Nachr\u00fcstung)<\/li>\n \t<li>R\u00fccknahme der Sitzheizungsstufen anpassen<\/li>\n \t<li>Schaltempfehlungsanzeige aktivieren<\/li>\n \t<li>Schaltwippen codieren (nach Nachr\u00fcstung)<\/li>\n \t<li>Scheinwerferreinigungsanlage anpassen (Ansteuerzeit, Anzahl der Bet\u00e4tigungen, komplett deaktivieren)<\/li>\n \t<li>Spiegelanklappen beim Verriegeln des Fahrzeugs<\/li>\n \t<li>Spiegelheizung aktivieren (nach Nachr\u00fcstung)<\/li>\n \t<li>Sprachbedienung (SDS) freischalten (Cabrio)<\/li>\n \t<li>Standl\u00fcftungsfunktion freischalten<\/li>\n \t<li>Start\/Stop deaktivieren oder Memoryfunktion aktivieren<\/li>\n \t<li>Tagfahrlicht beim Blinken herunterdimmen<\/li>\n \t<li>Tagfahrlicht im MMI ein-\/ausschaltbar<\/li>\n \t<li>Tagfahrlicht mit aktiven R\u00fcckleuchten<\/li>\n \t<li>Tieferlegung bei verbautem Luftfahrwerk (AAS)<\/li>\n \t<li>Tr\u00e4nenwischen aktivieren\/deaktivieren<\/li>\n \t<li>Verbrauchsanzeige im Kombiinstrument aktivieren<\/li>\n \t<li>Warnton \u201eZ\u00fcndung ein\u201c deaktivieren<\/li>\n \t<li>Warnton der elektrischen Heckklappe deaktivieren<\/li>\n \t<li>Zeigertest \/ Staging aktivieren<\/li>\n<\/ul>\n<br><br>\nSollte eine Codierung nicht aufgelistet sein oder Sie haben Fragen zu einer Codierung, dann schicken Sie mir gerne eine Nachricht \u00fcber das Kontaktformular.\n\n\n<span><br><br><br>\n<font size=\"-2\">Letzte \u00c4nderung 25.07.2023<\/font><\/span>\t\t\t\t\t\t\t\t<\/div>\n\t\t\t\t<\/div>\n\t\t\t\t\t<\/div>\n\t\t<\/div>\n\t\t\t\t\t<\/div>\n\t\t<\/section>\n\t\t\t\t<\/div>\n\t\t","protected":false},"excerpt":{"rendered":"<p>Beim Audi A5 (8T\/8F) gibt es u.a. folgende Codierm\u00f6glichkeiten: Abbiegelicht \u00fcber Nebelscheinwerfer Abschaltgeschwindigkeit der R\u00fcckfahrkamera anpassen ACC-Distanzeinstellung \u00fcber das MMI Anh\u00e4ngerkupplung codieren (nach Nachr\u00fcstung) Anpassen der Anzeigedauer der Klimaanlage im MMI Anpassen\/Korrektur der Verbrauchsanzeige Autobahnlicht aktivieren Automatisch l\u00f6sen der Parkbremse ohne angelegten Sicherheitsgurt Automatische Motorabschaltung bei \u00d6ffnung der Fahrert\u00fcre deaktivieren Automatisches Regenlicht aktivieren\/deaktivieren AUX-IN freischalten<\/p>\n<p><a href=\"https:\/\/www.cf-coding.de\/index.php\/fahrzeugauswahl\/audi\/a5-8t-8f\/\" class=\"more-link\">Weiterlesen<\/a><\/p>\n","protected":false},"author":5,"featured_media":0,"parent":120,"menu_order":0,"comment_status":"closed","ping_status":"closed","template":"","meta":{"_glsr_average":0,"_glsr_ranking":0,"_glsr_reviews":0,"footnotes":""},"class_list":["post-543","page","type-page","status-publish","hentry"],"_links":{"self":[{"href":"https:\/\/www.cf-coding.de\/index.php\/wp-json\/wp\/v2\/pages\/543","targetHints":{"allow":["GET"]}}],"collection":[{"href":"https:\/\/www.cf-coding.de\/index.php\/wp-json\/wp\/v2\/pages"}],"about":[{"href":"https:\/\/www.cf-coding.de\/index.php\/wp-json\/wp\/v2\/types\/page"}],"author":[{"embeddable":true,"href":"https:\/\/www.cf-coding.de\/index.php\/wp-json\/wp\/v2\/users\/5"}],"replies":[{"embeddable":true,"href":"https:\/\/www.cf-coding.de\/index.php\/wp-json\/wp\/v2\/comments?post=543"}],"version-history":[{"count":3,"href":"https:\/\/www.cf-coding.de\/index.php\/wp-json\/wp\/v2\/pages\/543\/revisions"}],"predecessor-version":[{"id":1834,"href":"https:\/\/www.cf-coding.de\/index.php\/wp-json\/wp\/v2\/pages\/543\/revisions\/1834"}],"up":[{"embeddable":true,"href":"https:\/\/www.cf-coding.de\/index.php\/wp-json\/wp\/v2\/pages\/120"}],"wp:attachment":[{"href":"https:\/\/www.cf-coding.de\/index.php\/wp-json\/wp\/v2\/media?parent=543"}],"curies":[{"name":"wp","href":"https:\/\/api.w.org\/{rel}","templated":true}]}}