{"id":432,"date":"2018-09-29T18:24:15","date_gmt":"2018-09-29T16:24:15","guid":{"rendered":"http:\/\/www.cf-coding.de\/?page_id=432"},"modified":"2018-11-17T11:16:57","modified_gmt":"2018-11-17T09:16:57","slug":"ibiza-6j","status":"publish","type":"page","link":"https:\/\/www.cf-coding.de\/index.php\/fahrzeugauswahl\/seat\/ibiza-6j\/","title":{"rendered":"Ibiza (6J)"},"content":{"rendered":"\t\t<div data-elementor-type=\"wp-post\" data-elementor-id=\"432\" class=\"elementor elementor-432 elementor-bc-flex-widget\">\n\t\t\t\t\t\t<section class=\"elementor-section elementor-top-section elementor-element elementor-element-84d41fe elementor-section-boxed elementor-section-height-default elementor-section-height-default\" data-id=\"84d41fe\" data-element_type=\"section\">\n\t\t\t\t\t\t<div class=\"elementor-container elementor-column-gap-default\">\n\t\t\t\t\t<div class=\"elementor-column elementor-col-100 elementor-top-column elementor-element elementor-element-fe6f3d6\" data-id=\"fe6f3d6\" data-element_type=\"column\">\n\t\t\t<div class=\"elementor-widget-wrap elementor-element-populated\">\n\t\t\t\t\t\t<div class=\"elementor-element elementor-element-89f8033 elementor-widget elementor-widget-text-editor\" data-id=\"89f8033\" data-element_type=\"widget\" data-widget_type=\"text-editor.default\">\n\t\t\t\t<div class=\"elementor-widget-container\">\n\t\t\t\t\t\t\t\t\tBeim Seat Ibiza 6J gibt es u.a. folgende Codierm\u00f6glichkeiten:\n<ul>\n \t<li>Abbiegelicht bei R\u00fcckw\u00e4rtsfahrt<\/li>\n \t<li>Abbiegelicht \u00fcber Nebelscheinwerfer<\/li>\n \t<li>Anpassen der Scheinwerferreinigungsanlage<\/li>\n \t<li>Autobahnlicht aktivieren\/deaktivieren<\/li>\n \t<li>Automatisches Verriegeln\/Entriegeln<\/li>\n \t<li>Automatisches Verriegeln\/Entriegeln aktivieren<\/li>\n \t<li>Berganfahrassistent anpassen<\/li>\n \t<li>Blinkzyklen des Komfortblinkers \u00e4ndern<\/li>\n \t<li>Coming\/Leaving-Home \u00fcber Nebelscheinwerfer<\/li>\n \t<li>Coming-Home \u00fcber Nebelscheinwerfer<\/li>\n \t<li>Gurtwarnung deaktivieren<\/li>\n \t\n \t<li>Nachtankmenge im Kombiinstrument<\/li>\n \t<li>Notbremswarnblinken aktivieren\/deaktivieren<\/li>\n \t<li>Quittierungston\/Hornquittierung beim Verriegeln\/Entriegeln des Fahrzeugs<\/li>\n \t<li>R\u00fcckfahrwischen aktivieren\/deaktivieren<\/li>\n \t<li>Signalhorn\/Hupe auch bei Z\u00fcndung aus aktiv<\/li>\n \t<li>Spiegelanklappen (nach Nachr\u00fcstung)<\/li>\n \t<li>Spiegelanklappen auch bei &gt;40km\/h<\/li>\n \t<li>Tagfahrlicht auf Nebelscheinwerfer<\/li>\n \t<li>Tagfahrlicht bei aktiver\/gezogener Handbremse ausschalten<\/li>\n \t<li>Tr\u00e4nenwischen aktivieren\/deaktivieren<\/li>\n<li>Zeigerwischen<\/li>\n<\/ul><br><br>\nSollte eine Codierung nicht aufgelistet sein oder Sie haben Fragen zu einer Codierung, dann schicken Sie mir einfach eine Nachricht \u00fcber das Kontaktformular.\n<span><br><br><br>\n<font size=\"-2\">Letzte \u00c4nderung 03.10.2018<\/font><\/span>\t\t\t\t\t\t\t\t<\/div>\n\t\t\t\t<\/div>\n\t\t\t\t\t<\/div>\n\t\t<\/div>\n\t\t\t\t\t<\/div>\n\t\t<\/section>\n\t\t\t\t<\/div>\n\t\t","protected":false},"excerpt":{"rendered":"<p>Beim Seat Ibiza 6J gibt es u.a. folgende Codierm\u00f6glichkeiten: Abbiegelicht bei R\u00fcckw\u00e4rtsfahrt Abbiegelicht \u00fcber Nebelscheinwerfer Anpassen der Scheinwerferreinigungsanlage Autobahnlicht aktivieren\/deaktivieren Automatisches Verriegeln\/Entriegeln Automatisches Verriegeln\/Entriegeln aktivieren Berganfahrassistent anpassen Blinkzyklen des Komfortblinkers \u00e4ndern Coming\/Leaving-Home \u00fcber Nebelscheinwerfer Coming-Home \u00fcber Nebelscheinwerfer Gurtwarnung deaktivieren Nachtankmenge im Kombiinstrument Notbremswarnblinken aktivieren\/deaktivieren Quittierungston\/Hornquittierung beim Verriegeln\/Entriegeln des Fahrzeugs R\u00fcckfahrwischen aktivieren\/deaktivieren Signalhorn\/Hupe auch bei Z\u00fcndung<\/p>\n<p><a href=\"https:\/\/www.cf-coding.de\/index.php\/fahrzeugauswahl\/seat\/ibiza-6j\/\" class=\"more-link\">Weiterlesen<\/a><\/p>\n","protected":false},"author":5,"featured_media":0,"parent":125,"menu_order":0,"comment_status":"closed","ping_status":"closed","template":"","meta":{"_glsr_average":0,"_glsr_ranking":0,"_glsr_reviews":0,"footnotes":""},"class_list":["post-432","page","type-page","status-publish","hentry"],"_links":{"self":[{"href":"https:\/\/www.cf-coding.de\/index.php\/wp-json\/wp\/v2\/pages\/432","targetHints":{"allow":["GET"]}}],"collection":[{"href":"https:\/\/www.cf-coding.de\/index.php\/wp-json\/wp\/v2\/pages"}],"about":[{"href":"https:\/\/www.cf-coding.de\/index.php\/wp-json\/wp\/v2\/types\/page"}],"author":[{"embeddable":true,"href":"https:\/\/www.cf-coding.de\/index.php\/wp-json\/wp\/v2\/users\/5"}],"replies":[{"embeddable":true,"href":"https:\/\/www.cf-coding.de\/index.php\/wp-json\/wp\/v2\/comments?post=432"}],"version-history":[{"count":0,"href":"https:\/\/www.cf-coding.de\/index.php\/wp-json\/wp\/v2\/pages\/432\/revisions"}],"up":[{"embeddable":true,"href":"https:\/\/www.cf-coding.de\/index.php\/wp-json\/wp\/v2\/pages\/125"}],"wp:attachment":[{"href":"https:\/\/www.cf-coding.de\/index.php\/wp-json\/wp\/v2\/media?parent=432"}],"curies":[{"name":"wp","href":"https:\/\/api.w.org\/{rel}","templated":true}]}}