{"id":274,"date":"2018-09-01T14:00:45","date_gmt":"2018-09-01T12:00:45","guid":{"rendered":"http:\/\/www.cf-coding.de\/?page_id=274"},"modified":"2018-11-17T11:17:25","modified_gmt":"2018-11-17T09:17:25","slug":"fabia-3-nj","status":"publish","type":"page","link":"https:\/\/www.cf-coding.de\/index.php\/fahrzeugauswahl\/skoda\/fabia-3-nj\/","title":{"rendered":"Fabia 3 (NJ)"},"content":{"rendered":"\t\t<div data-elementor-type=\"wp-post\" data-elementor-id=\"274\" class=\"elementor elementor-274 elementor-bc-flex-widget\">\n\t\t\t\t\t\t<section class=\"elementor-section elementor-top-section elementor-element elementor-element-65a28ae elementor-section-boxed elementor-section-height-default elementor-section-height-default\" data-id=\"65a28ae\" data-element_type=\"section\">\n\t\t\t\t\t\t<div class=\"elementor-container elementor-column-gap-default\">\n\t\t\t\t\t<div class=\"elementor-column elementor-col-100 elementor-top-column elementor-element elementor-element-4aba9bd\" data-id=\"4aba9bd\" data-element_type=\"column\">\n\t\t\t<div class=\"elementor-widget-wrap elementor-element-populated\">\n\t\t\t\t\t\t<div class=\"elementor-element elementor-element-6196443 elementor-widget elementor-widget-text-editor\" data-id=\"6196443\" data-element_type=\"widget\" data-widget_type=\"text-editor.default\">\n\t\t\t\t<div class=\"elementor-widget-container\">\n\t\t\t\t\t\t\t\t\tBeim Skoda Fabia 3 (NJ) gibt es u.a. folgende Codierm\u00f6glichkeiten:\n<ul>\n \t<li>Abbiegelicht<\/li>\n \t<li>Abbiegelicht bei R\u00fcckw\u00e4rtsfahrt aktiv<\/li>\n \t<li>Abbiegelicht bei R\u00fcckw\u00e4rtsfahrt aktivieren\/deaktivieren<\/li>\n \t<li>Abdimmgeschwindigkeit des Abbiegelichtes \u00e4ndern<\/li>\n \t<li>Anpassung der Lenkunterst\u00fctzung (leichtg\u00e4ngig\/sportlich)<\/li>\n \t<li>Berganfahrassistent aktivieren<\/li>\n \t<li>Berganfahrassistent anpassen<\/li>\n \t<li>Coming-Home \u00fcber Nebelscheinwerfer<\/li>\n \t<li>Fensterheber auch nach T\u00fcr\u00f6ffnen weiter aktiv<\/li>\n \t<li>Kennzeichenbeleuchtung auf LED<\/li>\n \t<li>Komfort\u00f6ffnen\/-schlie\u00dfen der Fenster aktivieren<\/li>\n \t<li>Laptimer im Kombiinstrument aktivieren<\/li>\n \t<li>Lichthupe bei ausgeschalteter Z\u00fcndung<\/li>\n \t<li>Nachtankmenge im Kombiinstrument<\/li>\n \t<li>Quittierungston\/Hornquittierung beim Verriegeln\/Entriegeln des Fahrzeugs<\/li>\n \t<li>R\u00fcckfahrkamera codieren (nach Nachr\u00fcstung)<\/li>\n \t<li>Tagfahrlicht bei aktiver\/gezogener Handbremse ausschalten<\/li>\n \t<li>Tagfahrlicht beim Blinken herunterdimmen<\/li>\n \t<li>Tagfahrlicht mit aktiven R\u00fcckleuchten<\/li>\n \t<li>Tagfahrlicht nur in Lichtschalterstellung \u201eAuto\u201c<\/li>\n \t<li>Warnton \u201eZ\u00fcndung ein\u201c deaktivieren<\/li>\n \t<li>Zeigertest \/ Staging aktivieren<\/li>\n<\/ul>\n<br><br>\nSollte eine Codierung nicht aufgelistet sein oder Sie haben Fragen zu einer Codierung, dann schicken Sie mir einfach eine Nachricht \u00fcber das Kontaktformular.\n<span><br><br><br>\n<font size=\"-2\">Letzte \u00c4nderung 01.09.2018<\/span><\/font>\t\t\t\t\t\t\t\t<\/div>\n\t\t\t\t<\/div>\n\t\t\t\t\t<\/div>\n\t\t<\/div>\n\t\t\t\t\t<\/div>\n\t\t<\/section>\n\t\t\t\t<\/div>\n\t\t","protected":false},"excerpt":{"rendered":"<p>Beim Skoda Fabia 3 (NJ) gibt es u.a. folgende Codierm\u00f6glichkeiten: Abbiegelicht Abbiegelicht bei R\u00fcckw\u00e4rtsfahrt aktiv Abbiegelicht bei R\u00fcckw\u00e4rtsfahrt aktivieren\/deaktivieren Abdimmgeschwindigkeit des Abbiegelichtes \u00e4ndern Anpassung der Lenkunterst\u00fctzung (leichtg\u00e4ngig\/sportlich) Berganfahrassistent aktivieren Berganfahrassistent anpassen Coming-Home \u00fcber Nebelscheinwerfer Fensterheber auch nach T\u00fcr\u00f6ffnen weiter aktiv Kennzeichenbeleuchtung auf LED Komfort\u00f6ffnen\/-schlie\u00dfen der Fenster aktivieren Laptimer im Kombiinstrument aktivieren Lichthupe bei ausgeschalteter Z\u00fcndung<\/p>\n<p><a href=\"https:\/\/www.cf-coding.de\/index.php\/fahrzeugauswahl\/skoda\/fabia-3-nj\/\" class=\"more-link\">Weiterlesen<\/a><\/p>\n","protected":false},"author":5,"featured_media":0,"parent":126,"menu_order":0,"comment_status":"closed","ping_status":"closed","template":"","meta":{"_glsr_average":0,"_glsr_ranking":0,"_glsr_reviews":0,"footnotes":""},"class_list":["post-274","page","type-page","status-publish","hentry"],"_links":{"self":[{"href":"https:\/\/www.cf-coding.de\/index.php\/wp-json\/wp\/v2\/pages\/274","targetHints":{"allow":["GET"]}}],"collection":[{"href":"https:\/\/www.cf-coding.de\/index.php\/wp-json\/wp\/v2\/pages"}],"about":[{"href":"https:\/\/www.cf-coding.de\/index.php\/wp-json\/wp\/v2\/types\/page"}],"author":[{"embeddable":true,"href":"https:\/\/www.cf-coding.de\/index.php\/wp-json\/wp\/v2\/users\/5"}],"replies":[{"embeddable":true,"href":"https:\/\/www.cf-coding.de\/index.php\/wp-json\/wp\/v2\/comments?post=274"}],"version-history":[{"count":0,"href":"https:\/\/www.cf-coding.de\/index.php\/wp-json\/wp\/v2\/pages\/274\/revisions"}],"up":[{"embeddable":true,"href":"https:\/\/www.cf-coding.de\/index.php\/wp-json\/wp\/v2\/pages\/126"}],"wp:attachment":[{"href":"https:\/\/www.cf-coding.de\/index.php\/wp-json\/wp\/v2\/media?parent=274"}],"curies":[{"name":"wp","href":"https:\/\/api.w.org\/{rel}","templated":true}]}}