{"id":212,"date":"2018-08-27T19:46:42","date_gmt":"2018-08-27T17:46:42","guid":{"rendered":"http:\/\/www.cf-coding.de\/?page_id=212"},"modified":"2022-01-12T14:18:15","modified_gmt":"2022-01-12T12:18:15","slug":"octavia-3-5e","status":"publish","type":"page","link":"https:\/\/www.cf-coding.de\/index.php\/fahrzeugauswahl\/skoda\/octavia-3-5e\/","title":{"rendered":"Octavia 3 (5E)"},"content":{"rendered":"\t\t<div data-elementor-type=\"wp-post\" data-elementor-id=\"212\" class=\"elementor elementor-212\">\n\t\t\t\t\t\t<section class=\"elementor-section elementor-top-section elementor-element elementor-element-1f1309e6 elementor-section-boxed elementor-section-height-default elementor-section-height-default\" data-id=\"1f1309e6\" data-element_type=\"section\">\n\t\t\t\t\t\t<div class=\"elementor-container elementor-column-gap-default\">\n\t\t\t\t\t<div class=\"elementor-column elementor-col-100 elementor-top-column elementor-element elementor-element-1fac1914\" data-id=\"1fac1914\" data-element_type=\"column\">\n\t\t\t<div class=\"elementor-widget-wrap elementor-element-populated\">\n\t\t\t\t\t\t<div class=\"elementor-element elementor-element-5909cc88 elementor-widget elementor-widget-text-editor\" data-id=\"5909cc88\" data-element_type=\"widget\" data-widget_type=\"text-editor.default\">\n\t\t\t\t<div class=\"elementor-widget-container\">\n\t\t\t\t\t\t\t\t\t\n<p><\/p>\n\t\t\t\t\t\t\t\t<\/div>\n\t\t\t\t<\/div>\n\t\t\t\t\t<\/div>\n\t\t<\/div>\n\t\t\t\t\t<\/div>\n\t\t<\/section>\n\t\t\t\t<section class=\"elementor-section elementor-top-section elementor-element elementor-element-a417519 elementor-section-boxed elementor-section-height-default elementor-section-height-default\" data-id=\"a417519\" data-element_type=\"section\">\n\t\t\t\t\t\t<div class=\"elementor-container elementor-column-gap-default\">\n\t\t\t\t\t<div class=\"elementor-column elementor-col-100 elementor-top-column elementor-element elementor-element-241a43f\" data-id=\"241a43f\" data-element_type=\"column\">\n\t\t\t<div class=\"elementor-widget-wrap elementor-element-populated\">\n\t\t\t\t\t\t<div class=\"elementor-element elementor-element-b14ada8 elementor-widget elementor-widget-text-editor\" data-id=\"b14ada8\" data-element_type=\"widget\" data-widget_type=\"text-editor.default\">\n\t\t\t\t<div class=\"elementor-widget-container\">\n\t\t\t\t\t\t\t\t\t<p>Beim Skoda Octavia 3 (5E) gibt es u.a. folgende Codierm\u00f6glichkeiten:<\/p>\n<ul>\n<li>Abbiegelicht<\/li>\n<li>Abbiegelicht bei R\u00fcckw\u00e4rtsfahrt aktivieren\/deaktivieren<\/li>\n<li>Abdimmgeschwindigkeit des Abbiegelichtes \u00e4ndern<\/li>\n<li>Abschaltgeschwindigkeit der Einparkhilfe anpassen (nur bei Einparkhilfe vorne und hinten)<\/li>\n<li>Abstand zum Bordstein anpassen (Parklenkassistent)<\/li>\n<li>Air Care aktiviert lassen (nach Z\u00fcndungswechsel weiterhin aktiv)<\/li>\n<li>Aktivierungston der Einparkhilfe aktivieren\/deaktivieren<\/li>\n<li>Anpassen der Lenkunterst\u00fctzung (Komfort, Dynamik)<\/li>\n<li>Audioabsenkung der Einparkhilfe aktivieren\/deaktivieren<\/li>\n<li>Automatisches Verriegeln (T\u00fcrzuschlagsverriegelung, nur bei Kessy)<\/li>\n<li>Automatisches Wischen der Heckscheibe aktivieren<\/li>\n<li>Beifahrerspiegelabsenkung beim R\u00fcckw\u00e4rtsfahren<\/li>\n<li>Berganfahrassistent aktivieren<\/li>\n<li>Berganfahrassistent anpassen<\/li>\n<li>Blinkzyklen des Komfortblinkers \u00e4ndern<\/li>\n<li>Coming Home aktivieren (ohne verbauten Lichtsensor)<\/li>\n<li>Coming-Home Einschaltereignis \u00e4ndern (Fahrert\u00fcre oder Z\u00fcndung)<\/li>\n<li>Coming-Home \u00fcber Nebelscheinwerfer<\/li>\n<li>Coming-Home von manueller Aktivierung auf \u201eautomatisch\u201c \u00e4ndern<\/li>\n<li>Elektrische Heckklappe per FFB und Taster \u00f6ffnen\/schlie\u00dfen<\/li>\n<li>Fensterheber auch nach T\u00fcr\u00f6ffnen weiter aktiv<\/li>\n<li>Fernlichtassistent aktiviert lassen (nach Z\u00fcndungswechsel weiterhin aktiv)<\/li>\n<li>Fernlichtassistent freischalten*<\/li>\n<li>Fu\u00dfraumbeleuchtung aktivieren (nach Nachr\u00fcstung)<\/li>\n<li>Gebl\u00e4sestufe im \u201eAuto\u201c-Modus der Klimaanlage anzeigen<\/li>\n<li>Geschwindigkeitsschwelle des Abbiegelichtes (statisch) anpassen<\/li>\n<li>Gurtwarnung deaktivieren<\/li>\n<li>Komfortblinken deaktivieren<\/li>\n<li>Komfort\u00f6ffnung Panoramadach \u00e4ndern (Kippstellung\/ganz auf)<\/li>\n<li>Laptimer\/Rundenz\u00e4hler aktivieren<\/li>\n<li>Lichthupe bei ausgeschalteter Z\u00fcndung<\/li>\n<li>Mikrofonempfindlichkeit anpassen (+\/- 10 dB)<\/li>\n<li>Nachheizzeit der Standheizung anpassen<\/li>\n<li>Nachtankmenge im Kombiinstrument<\/li>\n<li>\u00d6ltemperaturanzeige im Kombiinstrument aktivieren<\/li>\n<li>Quittierungston\/Hornquittierung beim Verriegeln\/Entriegeln des Fahrzeugs<\/li>\n<li>Regenschlie\u00dfen (nur bis MJ2014)<\/li>\n<li>R\u00fcckfahrkamera codieren (nach Nachr\u00fcstung)<\/li>\n<li>Soundgenerator Lautst\u00e4rke mindern oder ganz deaktivieren<\/li>\n<li>Speicherung der zuletzt gew\u00e4hlten Sitzheizungsstufe<\/li>\n<li>Spiegel erst nach Z\u00fcndung \u201eein\u201c ausklappen<\/li>\n<li>Spiegelanklappen (nach Nachr\u00fcstung)<\/li>\n<li>Spiegelanklappen anpassen (FFB kurz dr\u00fccken\/FFB lang dr\u00fccken zum Einklappen)<\/li>\n<li>Spurhalteassistent anpassen (Zeit auf 60 Sekunden erh\u00f6hen)<\/li>\n<li>Spurhalteassistent freischalten*<\/li>\n<li>Start\/Stopp-System deaktivieren<\/li>\n<li>Tagfahrlicht bei aktiver\/gezogener Handbremse ausschalten<\/li>\n<li>Tagfahrlicht beim Blinken herunterdimmen<\/li>\n<li>Tagfahrlicht im CAR-Men\u00fc ein-\/ausschaltbar<\/li>\n<li>Tagfahrlicht inkl. \u201eWimpern\u201c<\/li>\n<li>Tagfahrlicht mit aktiven R\u00fcckleuchten<\/li>\n<li>Tagfahrlicht nur in Lichtschalterstellung \u201eAuto\u201c<\/li>\n<li>Tr\u00e4nenwischen aktivieren\/deaktivieren<\/li>\n<li>T\u00fcrwarnleuchten aktivieren (nach Nachr\u00fcstung)<\/li>\n<li>Umfeldbeleuchtung freischalten (nach Nachr\u00fcstung)<\/li>\n<li>Verbrauchsanzeige im Kombiinstrument anpassen<\/li>\n<li>Verkehrszeichenerkennung freischalten*<\/li>\n<li>Video in Motion (VIM) freischalten<\/li>\n<li>Warnhinweis bei aktivem Nebelschlusslicht und \u00fcberscheiten der gespeicherten Geschwindigkeit<\/li>\n<li>Warnton \u201eZ\u00fcndung ein\u201c deaktivieren<\/li>\n<li>Zeigertest \/ Staging aktivieren<\/li>\n<\/ul>\n<br><br>\n*Multifunktionskamera muss verbaut sein\n<br><br>\nSollte eine Codierung nicht aufgelistet sein oder Sie haben Fragen zu einer Codierung, dann schicken Sie mir gerne eine Nachricht \u00fcber das Kontaktformular.\n\n\n\n<span><br><br><br>\n<font size=\"-2\">Letzte \u00c4nderung 12.01.2022<\/font><\/span>\t\t\t\t\t\t\t\t<\/div>\n\t\t\t\t<\/div>\n\t\t\t\t\t<\/div>\n\t\t<\/div>\n\t\t\t\t\t<\/div>\n\t\t<\/section>\n\t\t\t\t<\/div>\n\t\t","protected":false},"excerpt":{"rendered":"<p>Beim Skoda Octavia 3 (5E) gibt es u.a. folgende Codierm\u00f6glichkeiten: Abbiegelicht Abbiegelicht bei R\u00fcckw\u00e4rtsfahrt aktivieren\/deaktivieren Abdimmgeschwindigkeit des Abbiegelichtes \u00e4ndern Abschaltgeschwindigkeit der Einparkhilfe anpassen (nur bei Einparkhilfe vorne und hinten) Abstand zum Bordstein anpassen (Parklenkassistent) Air Care aktiviert lassen (nach Z\u00fcndungswechsel weiterhin aktiv) Aktivierungston der Einparkhilfe aktivieren\/deaktivieren Anpassen der Lenkunterst\u00fctzung (Komfort, Dynamik) Audioabsenkung der Einparkhilfe aktivieren\/deaktivieren<\/p>\n<p><a href=\"https:\/\/www.cf-coding.de\/index.php\/fahrzeugauswahl\/skoda\/octavia-3-5e\/\" class=\"more-link\">Weiterlesen<\/a><\/p>\n","protected":false},"author":5,"featured_media":0,"parent":126,"menu_order":0,"comment_status":"closed","ping_status":"closed","template":"","meta":{"_glsr_average":0,"_glsr_ranking":0,"_glsr_reviews":0,"footnotes":""},"class_list":["post-212","page","type-page","status-publish","hentry"],"_links":{"self":[{"href":"https:\/\/www.cf-coding.de\/index.php\/wp-json\/wp\/v2\/pages\/212","targetHints":{"allow":["GET"]}}],"collection":[{"href":"https:\/\/www.cf-coding.de\/index.php\/wp-json\/wp\/v2\/pages"}],"about":[{"href":"https:\/\/www.cf-coding.de\/index.php\/wp-json\/wp\/v2\/types\/page"}],"author":[{"embeddable":true,"href":"https:\/\/www.cf-coding.de\/index.php\/wp-json\/wp\/v2\/users\/5"}],"replies":[{"embeddable":true,"href":"https:\/\/www.cf-coding.de\/index.php\/wp-json\/wp\/v2\/comments?post=212"}],"version-history":[{"count":0,"href":"https:\/\/www.cf-coding.de\/index.php\/wp-json\/wp\/v2\/pages\/212\/revisions"}],"up":[{"embeddable":true,"href":"https:\/\/www.cf-coding.de\/index.php\/wp-json\/wp\/v2\/pages\/126"}],"wp:attachment":[{"href":"https:\/\/www.cf-coding.de\/index.php\/wp-json\/wp\/v2\/media?parent=212"}],"curies":[{"name":"wp","href":"https:\/\/api.w.org\/{rel}","templated":true}]}}