{"id":147,"date":"2018-08-13T17:33:23","date_gmt":"2018-08-13T15:33:23","guid":{"rendered":"http:\/\/www.cf-coding.de\/?page_id=147"},"modified":"2024-10-08T13:55:59","modified_gmt":"2024-10-08T11:55:59","slug":"a3-8v","status":"publish","type":"page","link":"https:\/\/www.cf-coding.de\/index.php\/fahrzeugauswahl\/audi\/a3-8v\/","title":{"rendered":"A3 (8V)"},"content":{"rendered":"\t\t<div data-elementor-type=\"wp-post\" data-elementor-id=\"147\" class=\"elementor elementor-147\">\n\t\t\t\t\t\t<section class=\"elementor-section elementor-top-section elementor-element elementor-element-25f3743 elementor-section-boxed elementor-section-height-default elementor-section-height-default\" data-id=\"25f3743\" data-element_type=\"section\">\n\t\t\t\t\t\t<div class=\"elementor-container elementor-column-gap-default\">\n\t\t\t\t\t<div class=\"elementor-column elementor-col-100 elementor-top-column elementor-element elementor-element-feebf80\" data-id=\"feebf80\" data-element_type=\"column\">\n\t\t\t<div class=\"elementor-widget-wrap elementor-element-populated\">\n\t\t\t\t\t\t<div class=\"elementor-element elementor-element-d47c158 elementor-widget elementor-widget-text-editor\" data-id=\"d47c158\" data-element_type=\"widget\" data-widget_type=\"text-editor.default\">\n\t\t\t\t<div class=\"elementor-widget-container\">\n\t\t\t\t\t\t\t\t\t<p>Beim Audi A3 (8V) gibt es u.a. folgende Codierm\u00f6glichkeiten:<\/p>\n<ul>\n<li>\u201eAuto-Hold\u201c aktivieren (nach Nachr\u00fcstung)<\/li>\n<li>\u201eAuto-Hold\u201c anpassen (nie aktiv\/immer aktiv\/letzte Einstellung)<\/li>\n<li>Abbiegelicht aktivieren<\/li>\n<li>Abbiegelicht bei R\u00fcckw\u00e4rtsfahrt aktivieren\/deaktivieren<\/li>\n<li>Abschaltgeschwindigkeit der Einparkhilfe anpassen (nur bei Einparkhilfe vorne und hinten)<\/li>\n<li>Abschaltgeschwindigkeit f\u00fcr die optische Einparkhilfe anpassen<\/li>\n<li>Abstand zum Bordstein anpassen (Parklenkassistent)<\/li>\n<li>ACC in 1 km\/h-Schritten einstellen<\/li>\n<li>ACC-Distanzeinstellung \u00fcber das MMI<\/li>\n<li>Aktivierungston der Einparkhilfe aktivieren\/deaktivieren<\/li>\n<li>Ambientebeleuchtung freischalten<\/li>\n<li>Anzeige des Abstandes zum Bordstein \u00e4ndern<\/li>\n<li>Audioabsenkung der Einparkhilfe aktivieren\/deaktivieren<\/li>\n<li>Audioabsenkung der Einparkhilfe deaktivieren<\/li>\n<li>Automatisches Verriegeln mit Komfortschl\u00fcssel (Kessy)<\/li>\n<li>Automatisches Wischen der Heckscheibe aktivieren\/deaktivieren<\/li>\n<li>Beifahrerspiegelabsenkung beim R\u00fcckw\u00e4rtsfahren<\/li>\n<li>Berganfahrassistent anpassen<\/li>\n<li>Blinkzyklen des Komfortblinkers \u00e4ndern<\/li>\n<li>Bootlogo im MMI \u00e4ndern (Standard, S3, RS3)<\/li>\n<li>Coming Home aktivieren (ohne verbauten Lichtsensor)<\/li>\n<li>Coming-\/Leaving Home \u00fcber Nebelscheinwerfer und Abblendlicht<\/li>\n<li>Coming-Home Einschaltereignis \u00e4ndern (Fahrert\u00fcre oder Z\u00fcndung)<\/li>\n<li>Coming-Home \u00fcber Nebelscheinwerfer<\/li>\n<li>Coming-Home von manueller Aktivierung auf \u201eautomatisch\u201c \u00e4ndern<\/li>\n<li>DVD-\/Videofreischaltung w\u00e4hrend der Fahrt (VIM)<\/li>\n<li>Dynamischen Anfahrassistenten anpassen<\/li>\n<li>Einparkhilfe automatisch einschalten<\/li>\n<li>Fahrerinformationssystem (FIS) aktivieren<\/li>\n<li>Fernlichtassistent aktiviert lassen (nach Z\u00fcndungswechsel weiterhin aktiviert)<\/li>\n<li>Fernlichtassistent freischalten<\/li>\n<li>Freilauf (Segeln) im Efficiency-Modus aktivieren\/deaktivieren<\/li>\n<li>Geschwindigkeitsschwelle des Abbiegelichtes anpassen<\/li>\n<li>Gurtwarnung deaktivieren<\/li>\n<li>Komfortblinker deaktivieren<\/li>\n<li>Laptimer\/Rundenz\u00e4hler aktivieren<\/li>\n<li>Mikrofonempfindlichkeit anpassen (+\/- 10 dB)<\/li>\n<li>Nachheizzeit der Standheizung anpassen<\/li>\n<li>\u00d6ltemperaturanzeige im Kombiinstrument aktivieren<\/li>\n<li>Optische Darstellung der Einparkhilfe im MMI aktivieren<\/li>\n<li>Quittierungston\/Hornquittierung beim Verriegeln\/Entriegeln des Fahrzeugs<\/li>\n<li>R\u00fcckfahrkamera freischalten (nach Nachr\u00fcstung)<\/li><li>S-\/RS Layout im Virtual Cockpit aktivieren<br><\/li>\n<li>Schaltempfehlungsanzeige aktivieren<\/li>\n<li>Speicherung der zuletzt gew\u00e4hlten Sitzheizungsstufe<\/li>\n<li>Spiegelanklappen anpassen (Funkfernbedienung kurz dr\u00fccken\/FFB lang dr\u00fccken zum Einklappen)<\/li>\n<li>Spiegelheizung aktivieren (nach Nachr\u00fcstung)<\/li>\n<li>Sprachbedienung (SDS) freischalten (Cabrio)<\/li>\n<li>Spurhalteassistent anpassen (Zeit auf 60 Sekunden erh\u00f6hen)<\/li>\n<li>Tagfahrlicht bei aktiver\/gezogener Handbremse ausschalten<\/li>\n<li>Tagfahrlicht im MMI ein-\/ausschaltbar<\/li>\n<li>Tagfahrlicht mit aktiven R\u00fcckleuchten<\/li>\n<li>Tagfahrlicht nur in Lichtschalterstellung \u201eAuto\u201c aktiv<\/li>\n<li>Verbrauchsanzeige im Kombiinstrument anpassen<\/li>\n<li>Verdeck mit Funkfernbedienung \u00f6ffnen und schlie\u00dfen<\/li>\n<li>Verkehrszeichenerkennung aktivieren (nur mit MMI Navigation (Plus) oder MMI Touch)*<\/li>\n<li>Warnton \u201eZ\u00fcndung ein\u201c deaktivieren<\/li>\n<li>Welcome-Sound \/ Heartbeat aktivieren<\/li>\n<li>WLAN aktivieren<\/li>\n<li>Zeigertest \/ Staging aktivieren<\/li>\n<\/ul>\n<p><br>* Multifunktionskamera muss verbaut sein<br>\n<br><br><br>Sollte eine Codierung nicht aufgelistet sein oder Sie haben Fragen zu einer Codierung, dann schicken Sie mir gerne eine Nachricht \u00fcber das Kontaktformular.<span><br><br><br><font size=\"-2\">Letzte \u00c4nderung 08.10.2024<\/font><\/span><\/p>\t\t\t\t\t\t\t\t<\/div>\n\t\t\t\t<\/div>\n\t\t\t\t\t<\/div>\n\t\t<\/div>\n\t\t\t\t\t<\/div>\n\t\t<\/section>\n\t\t\t\t<\/div>\n\t\t","protected":false},"excerpt":{"rendered":"<p>Beim Audi A3 (8V) gibt es u.a. folgende Codierm\u00f6glichkeiten: \u201eAuto-Hold\u201c aktivieren (nach Nachr\u00fcstung) \u201eAuto-Hold\u201c anpassen (nie aktiv\/immer aktiv\/letzte Einstellung) Abbiegelicht aktivieren Abbiegelicht bei R\u00fcckw\u00e4rtsfahrt aktivieren\/deaktivieren Abschaltgeschwindigkeit der Einparkhilfe anpassen (nur bei Einparkhilfe vorne und hinten) Abschaltgeschwindigkeit f\u00fcr die optische Einparkhilfe anpassen Abstand zum Bordstein anpassen (Parklenkassistent) ACC in 1 km\/h-Schritten einstellen ACC-Distanzeinstellung \u00fcber das MMI<\/p>\n<p><a href=\"https:\/\/www.cf-coding.de\/index.php\/fahrzeugauswahl\/audi\/a3-8v\/\" class=\"more-link\">Weiterlesen<\/a><\/p>\n","protected":false},"author":5,"featured_media":0,"parent":120,"menu_order":0,"comment_status":"closed","ping_status":"closed","template":"","meta":{"_glsr_average":0,"_glsr_ranking":0,"_glsr_reviews":0,"footnotes":""},"class_list":["post-147","page","type-page","status-publish","hentry"],"_links":{"self":[{"href":"https:\/\/www.cf-coding.de\/index.php\/wp-json\/wp\/v2\/pages\/147","targetHints":{"allow":["GET"]}}],"collection":[{"href":"https:\/\/www.cf-coding.de\/index.php\/wp-json\/wp\/v2\/pages"}],"about":[{"href":"https:\/\/www.cf-coding.de\/index.php\/wp-json\/wp\/v2\/types\/page"}],"author":[{"embeddable":true,"href":"https:\/\/www.cf-coding.de\/index.php\/wp-json\/wp\/v2\/users\/5"}],"replies":[{"embeddable":true,"href":"https:\/\/www.cf-coding.de\/index.php\/wp-json\/wp\/v2\/comments?post=147"}],"version-history":[{"count":12,"href":"https:\/\/www.cf-coding.de\/index.php\/wp-json\/wp\/v2\/pages\/147\/revisions"}],"predecessor-version":[{"id":2225,"href":"https:\/\/www.cf-coding.de\/index.php\/wp-json\/wp\/v2\/pages\/147\/revisions\/2225"}],"up":[{"embeddable":true,"href":"https:\/\/www.cf-coding.de\/index.php\/wp-json\/wp\/v2\/pages\/120"}],"wp:attachment":[{"href":"https:\/\/www.cf-coding.de\/index.php\/wp-json\/wp\/v2\/media?parent=147"}],"curies":[{"name":"wp","href":"https:\/\/api.w.org\/{rel}","templated":true}]}}